{"id":52,"date":"2024-08-27T04:06:55","date_gmt":"2024-08-27T04:06:55","guid":{"rendered":"https:\/\/colectivoollin.org\/?page_id=52"},"modified":"2025-04-12T13:48:36","modified_gmt":"2025-04-12T13:48:36","slug":"nahui-ollin","status":"publish","type":"page","link":"https:\/\/colectivoollin.org\/?page_id=52","title":{"rendered":"Nahui Ollin"},"content":{"rendered":"\t\t<div data-elementor-type=\"wp-page\" data-elementor-id=\"52\" class=\"elementor elementor-52\">\n\t\t\t\t<div class=\"elementor-element elementor-element-14a60bb e-flex e-con-boxed e-con e-parent\" data-id=\"14a60bb\" data-element_type=\"container\" data-e-type=\"container\">\n\t\t\t\t\t<div class=\"e-con-inner\">\n\t\t\t\t<div class=\"elementor-element elementor-element-f09e45a elementor-widget__width-initial elementor-widget elementor-widget-text-editor\" data-id=\"f09e45a\" data-element_type=\"widget\" data-e-type=\"widget\" data-widget_type=\"text-editor.default\">\n\t\t\t\t<div class=\"elementor-widget-container\">\n\t\t\t\t\t\t\t\t\t<p><strong>Programa Nahui Ollin<br \/><\/strong><\/p><p>Colectivo Ollin A.C.<\/p>\t\t\t\t\t\t\t\t<\/div>\n\t\t\t\t<\/div>\n\t\t\t\t<div class=\"elementor-element elementor-element-3f27585 elementor-widget elementor-widget-image\" data-id=\"3f27585\" data-element_type=\"widget\" data-e-type=\"widget\" data-widget_type=\"image.default\">\n\t\t\t\t<div class=\"elementor-widget-container\">\n\t\t\t\t\t\t\t\t\t\t\t\t\t\t\t<img decoding=\"async\" width=\"151\" height=\"201\" src=\"https:\/\/colectivoollin.org\/wp-content\/uploads\/2024\/08\/nahuiollin.jpg\" class=\"attachment-large size-large wp-image-128\" alt=\"\" \/>\t\t\t\t\t\t\t\t\t\t\t\t\t\t\t<\/div>\n\t\t\t\t<\/div>\n\t\t\t\t<div class=\"elementor-element elementor-element-f8734ed elementor-widget__width-initial elementor-widget elementor-widget-text-editor\" data-id=\"f8734ed\" data-element_type=\"widget\" data-e-type=\"widget\" data-widget_type=\"text-editor.default\">\n\t\t\t\t<div class=\"elementor-widget-container\">\n\t\t\t\t\t\t\t\t\t<p>\u00abPara ser ciudadan@s desde ahora\u201d, Proyecto para propiciar la formaci\u00f3n integral y el desarrollo comunitario a trav\u00e9s de procesos de formaci\u00f3n\/acci\u00f3n, desde distintos espacios educativos, que generen conciencia pr\u00e1ctica de ciudadan\u00eda desde la adolescencia.<\/p>\t\t\t\t\t\t\t\t<\/div>\n\t\t\t\t<\/div>\n\t\t\t\t\t<\/div>\n\t\t\t\t<\/div>\n\t\t<div class=\"elementor-element elementor-element-df63bde e-flex e-con-boxed e-con e-parent\" data-id=\"df63bde\" data-element_type=\"container\" data-e-type=\"container\">\n\t\t\t\t\t<div class=\"e-con-inner\">\n\t\t<div class=\"elementor-element elementor-element-e508208 e-con-full e-flex e-con e-child\" data-id=\"e508208\" data-element_type=\"container\" data-e-type=\"container\">\n\t\t\t\t<div class=\"elementor-element elementor-element-f0bbf1f elementor-widget elementor-widget-image\" data-id=\"f0bbf1f\" data-element_type=\"widget\" data-e-type=\"widget\" data-widget_type=\"image.default\">\n\t\t\t\t<div class=\"elementor-widget-container\">\n\t\t\t\t\t\t\t\t\t\t\t\t\t\t\t\t<a href=\"https:\/\/colectivoollin.org\/wp-content\/uploads\/2025\/04\/NahuiOllin_Recapitulacion_1995-2024.pdf\" target=\"_blank\" rel=\"nofollow\" descargar=\"\">\n\t\t\t\t\t\t\t<img fetchpriority=\"high\" decoding=\"async\" width=\"200\" height=\"300\" src=\"https:\/\/colectivoollin.org\/wp-content\/uploads\/2025\/04\/download_icon_nahui30-200x300.jpg\" class=\"attachment-medium size-medium wp-image-1132\" alt=\"\" srcset=\"https:\/\/colectivoollin.org\/wp-content\/uploads\/2025\/04\/download_icon_nahui30-200x300.jpg 200w, https:\/\/colectivoollin.org\/wp-content\/uploads\/2025\/04\/download_icon_nahui30.jpg 300w\" sizes=\"(max-width: 200px) 100vw, 200px\" \/>\t\t\t\t\t\t\t\t<\/a>\n\t\t\t\t\t\t\t\t\t\t\t\t\t\t\t<\/div>\n\t\t\t\t<\/div>\n\t\t\t\t<div class=\"elementor-element elementor-element-0177e5c elementor-widget elementor-widget-text-editor\" data-id=\"0177e5c\" data-element_type=\"widget\" data-e-type=\"widget\" data-widget_type=\"text-editor.default\">\n\t\t\t\t<div class=\"elementor-widget-container\">\n\t\t\t\t\t\t\t\t\t<p>Este documento integra un proceso de recapitulaci\u00f3n de cuatro Etapas a lo largo de treinta a\u00f1os del programa Nahui Ollin , para ser ciudadanas y ciudadanos desde ahora.<\/p><p>Se narra como inici\u00f3 como una estrategia de trabajo participativo de formaci\u00f3n integral de personas que transitan la adolescencia, a trav\u00e9s de proyectos comunitarios, en la Asignatura de Orientaci\u00f3n Educativa en la Escuela Secundaria T\u00e9cnica # 30 de Valle de Ju\u00e1rez, Jalisco, M\u00e9xico, en el ciclo escolar 1995-1996.<\/p><p>Se describe como se ha convertido en una Alternativa Posible:<br \/>Una Alternativa Pedag\u00f3gica de Formaci\u00f3n para la ciudadan\u00eda, desde el pensamiento complejo y la transdisciplinariedad, que incorpora nuevos elementos como Habilidades Socioemocionales, Cultura de Paz y gobernanza, Mecanismos de participaci\u00f3n ciudadana, entre otros.<\/p><p>Una Posibilidad Comunicativa de expansi\u00f3n que genera articulaci\u00f3n estrat\u00e9gica con marcos normativos y curriculares nacionales (NEM) y estatales (RECREA), para impactar a diversas regiones del Estado de Jalisco, a trav\u00e9s de escuelas de Educaci\u00f3n Media B\u00e1sica y de Media Superior, y con el involucramiento proactivo de integrantes de los Consejos municipales de participaci\u00f3n ciudadana.<\/p>\t\t\t\t\t\t\t\t<\/div>\n\t\t\t\t<\/div>\n\t\t\t\t<\/div>\n\t\t\t\t\t<\/div>\n\t\t\t\t<\/div>\n\t\t\t\t<\/div>\n\t\t","protected":false},"excerpt":{"rendered":"<p>Programa Nahui Ollin Colectivo Ollin A.C. \u00abPara ser ciudadan@s desde ahora\u201d, Proyecto para propiciar la formaci\u00f3n integral y el desarrollo comunitario a trav\u00e9s de procesos de formaci\u00f3n\/acci\u00f3n, desde distintos espacios educativos, que generen conciencia pr\u00e1ctica de ciudadan\u00eda desde la adolescencia. Este documento integra un proceso de recapitulaci\u00f3n de cuatro Etapas a lo largo de treinta [&hellip;]<\/p>\n","protected":false},"author":1,"featured_media":0,"parent":0,"menu_order":0,"comment_status":"closed","ping_status":"closed","template":"elementor_header_footer","meta":{"footnotes":""},"class_list":["post-52","page","type-page","status-publish","hentry"],"_links":{"self":[{"href":"https:\/\/colectivoollin.org\/index.php?rest_route=\/wp\/v2\/pages\/52","targetHints":{"allow":["GET"]}}],"collection":[{"href":"https:\/\/colectivoollin.org\/index.php?rest_route=\/wp\/v2\/pages"}],"about":[{"href":"https:\/\/colectivoollin.org\/index.php?rest_route=\/wp\/v2\/types\/page"}],"author":[{"embeddable":true,"href":"https:\/\/colectivoollin.org\/index.php?rest_route=\/wp\/v2\/users\/1"}],"replies":[{"embeddable":true,"href":"https:\/\/colectivoollin.org\/index.php?rest_route=%2Fwp%2Fv2%2Fcomments&post=52"}],"version-history":[{"count":13,"href":"https:\/\/colectivoollin.org\/index.php?rest_route=\/wp\/v2\/pages\/52\/revisions"}],"predecessor-version":[{"id":1135,"href":"https:\/\/colectivoollin.org\/index.php?rest_route=\/wp\/v2\/pages\/52\/revisions\/1135"}],"wp:attachment":[{"href":"https:\/\/colectivoollin.org\/index.php?rest_route=%2Fwp%2Fv2%2Fmedia&parent=52"}],"curies":[{"name":"wp","href":"https:\/\/api.w.org\/{rel}","templated":true}]}}